{"id":32,"date":"2022-02-11T17:23:02","date_gmt":"2022-02-11T17:23:02","guid":{"rendered":"http:\/\/tfs.com.tr\/?page_id=32"},"modified":"2022-10-24T08:07:55","modified_gmt":"2022-10-24T08:07:55","slug":"anasayfa","status":"publish","type":"page","link":"http:\/\/www.tfs.com.tr\/","title":{"rendered":"Anasayfa"},"content":{"rendered":"<p>[vc_row][vc_column]\n\t\t\t<!-- START Anasayfa REVOLUTION SLIDER 6.5.15 --><p class=\"rs-p-wp-fix\"><\/p>\n\t\t\t<rs-module-wrap id=\"rev_slider_1_1_wrapper\" data-source=\"gallery\" style=\"visibility:hidden;background:transparent;padding:0;margin:0px auto;margin-top:0;margin-bottom:0;\">\n\t\t\t\t<rs-module id=\"rev_slider_1_1\" style=\"\" data-version=\"6.5.15\">\n\t\t\t\t\t<rs-slides>\n\t\t\t\t\t\t<rs-slide style=\"position: absolute;\" data-key=\"rs-1\" data-title=\"Slide\" data-thumb=\"\/\/www.tfs.com.tr\/wp-content\/uploads\/2022\/02\/filo-50x100.jpg\" data-in=\"o:0;\" data-out=\"a:false;\">\n\t\t\t\t\t\t\t<img src=\"\/\/www.tfs.com.tr\/wp-content\/plugins\/revslider\/public\/assets\/assets\/dummy.png\" alt=\"\" title=\"filo\" width=\"1920\" height=\"1134\" class=\"rev-slidebg tp-rs-img rs-lazyload\" data-lazyload=\"\/\/www.tfs.com.tr\/wp-content\/uploads\/2022\/02\/filo.jpg\" data-no-retina>\n<!--\n\t\t\t\t\t\t\t--><rs-layer\n\t\t\t\t\t\t\t\tid=\"slider-1-slide-1-layer-0\" \n\t\t\t\t\t\t\t\tdata-type=\"text\"\n\t\t\t\t\t\t\t\tdata-color=\"#ffffff\"\n\t\t\t\t\t\t\t\tdata-rsp_ch=\"on\"\n\t\t\t\t\t\t\t\tdata-xy=\"x:c;y:c;\"\n\t\t\t\t\t\t\t\tdata-text=\"w:normal;s:80;l:90;ls:-4;fw:800;\"\n\t\t\t\t\t\t\t\tdata-dim=\"minh:0px;\"\n\t\t\t\t\t\t\t\tdata-frame_999=\"o:0;st:w;\"\n\t\t\t\t\t\t\t\tstyle=\"z-index:10;font-family:'Poppins';\"\n\t\t\t\t\t\t\t>Filo kiralamada \u00e7\u00f6z\u00fcm orta\u011f\u0131n\u0131z \n\t\t\t\t\t\t\t<\/rs-layer><!--\n\n\t\t\t\t\t\t\t--><rs-layer\n\t\t\t\t\t\t\t\tid=\"slider-1-slide-1-layer-1\" \n\t\t\t\t\t\t\t\tdata-type=\"shape\"\n\t\t\t\t\t\t\t\tdata-rsp_ch=\"on\"\n\t\t\t\t\t\t\t\tdata-xy=\"x:c;xo:-182px;y:c;yo:-76px;\"\n\t\t\t\t\t\t\t\tdata-text=\"w:normal;\"\n\t\t\t\t\t\t\t\tdata-dim=\"w:2331px;h:1149;\"\n\t\t\t\t\t\t\t\tdata-border=\"bor:5px,5px,5px,5px;\"\n\t\t\t\t\t\t\t\tdata-frame_999=\"o:0;st:w;\"\n\t\t\t\t\t\t\t\tstyle=\"z-index:8;background-color:rgba(0,0,0,0);\"\n\t\t\t\t\t\t\t> \n\t\t\t\t\t\t\t<\/rs-layer><!--\n\n\t\t\t\t\t\t\t--><rs-layer\n\t\t\t\t\t\t\t\tid=\"slider-1-slide-1-layer-2\" \n\t\t\t\t\t\t\t\tdata-type=\"shape\"\n\t\t\t\t\t\t\t\tdata-rsp_ch=\"on\"\n\t\t\t\t\t\t\t\tdata-xy=\"x:c;y:c;\"\n\t\t\t\t\t\t\t\tdata-text=\"w:normal;\"\n\t\t\t\t\t\t\t\tdata-dim=\"w:1549px;h:307px;\"\n\t\t\t\t\t\t\t\tdata-border=\"bor:10px,10px,10px,10px;\"\n\t\t\t\t\t\t\t\tdata-frame_999=\"o:0;st:w;\"\n\t\t\t\t\t\t\t\tstyle=\"z-index:9;background-color:rgba(181,41,41,0.86);\"\n\t\t\t\t\t\t\t> \n\t\t\t\t\t\t\t<\/rs-layer><!--\n-->\t\t\t\t\t\t<\/rs-slide>\n\t\t\t\t\t\t<rs-slide style=\"position: absolute;\" data-key=\"rs-2\" data-title=\"Slide\" data-thumb=\"\/\/www.tfs.com.tr\/wp-content\/uploads\/2022\/10\/car-interior-50x100.jpg\" data-in=\"o:0;\" data-out=\"a:false;\">\n\t\t\t\t\t\t\t<img src=\"\/\/www.tfs.com.tr\/wp-content\/plugins\/revslider\/public\/assets\/assets\/dummy.png\" alt=\"car interior\" title=\"car interior\" width=\"1920\" height=\"1280\" class=\"rev-slidebg tp-rs-img rs-lazyload\" data-lazyload=\"\/\/www.tfs.com.tr\/wp-content\/uploads\/2022\/10\/car-interior.jpg\" data-no-retina>\n<!--\n\t\t\t\t\t\t\t--><rs-layer\n\t\t\t\t\t\t\t\tid=\"slider-1-slide-2-layer-4\" \n\t\t\t\t\t\t\t\tdata-type=\"text\"\n\t\t\t\t\t\t\t\tdata-color=\"#fff\"\n\t\t\t\t\t\t\t\tdata-rsp_ch=\"on\"\n\t\t\t\t\t\t\t\tdata-xy=\"x:c;y:c;\"\n\t\t\t\t\t\t\t\tdata-text=\"w:normal;s:80;l:90;ls:-4;fw:800;\"\n\t\t\t\t\t\t\t\tdata-dim=\"minh:0px;\"\n\t\t\t\t\t\t\t\tdata-frame_999=\"o:0;st:w;\"\n\t\t\t\t\t\t\t\tstyle=\"z-index:9;font-family:'Poppins';\"\n\t\t\t\t\t\t\t>Konfor ve ekonominin adresi \n\t\t\t\t\t\t\t<\/rs-layer><!--\n\n\t\t\t\t\t\t\t--><rs-layer\n\t\t\t\t\t\t\t\tid=\"slider-1-slide-2-layer-5\" \n\t\t\t\t\t\t\t\tdata-type=\"shape\"\n\t\t\t\t\t\t\t\tdata-rsp_ch=\"on\"\n\t\t\t\t\t\t\t\tdata-xy=\"x:c;y:c;\"\n\t\t\t\t\t\t\t\tdata-text=\"w:normal;\"\n\t\t\t\t\t\t\t\tdata-dim=\"w:1509px;h:307px;\"\n\t\t\t\t\t\t\t\tdata-border=\"bor:10px,10px,10px,10px;\"\n\t\t\t\t\t\t\t\tdata-frame_999=\"o:0;st:w;\"\n\t\t\t\t\t\t\t\tstyle=\"z-index:8;background-color:rgba(181,41,41,0.86);\"\n\t\t\t\t\t\t\t> \n\t\t\t\t\t\t\t<\/rs-layer><!--\n-->\t\t\t\t\t\t<\/rs-slide>\n\t\t\t\t\t<\/rs-slides>\n\t\t\t\t<\/rs-module>\n\t\t\t\t<script>\n\t\t\t\t\tsetREVStartSize({c: 'rev_slider_1_1',rl:[1240,1024,778,480],el:[1000],gw:[1920],gh:[1000],type:'standard',justify:'',layout:'fullwidth',mh:\"0\"});if (window.RS_MODULES!==undefined && window.RS_MODULES.modules!==undefined && window.RS_MODULES.modules[\"revslider11\"]!==undefined) {window.RS_MODULES.modules[\"revslider11\"].once = false;window.revapi1 = undefined;if (window.RS_MODULES.checkMinimal!==undefined) window.RS_MODULES.checkMinimal()}\n\t\t\t\t<\/script>\n\t\t\t<\/rs-module-wrap>\n\t\t\t<!-- END REVOLUTION SLIDER -->\n[\/vc_column][\/vc_row][vc_row lg_spacing=&#8221;margin_top:50&#8243;][vc_column][tm_heading style=&#8221;modern&#8221; tag=&#8221;h1&#8243; custom_google_font=&#8221;&#8221; text=&#8221;TFS Filo Kiralama Hizmetlerinin Size Kazand\u0131rd\u0131klar\u0131&#8221;][tm_spacer size=&#8221;lg:20&#8243;][vc_column_text]<span style=\"color: #808080;\">TFS Filo Kiralama, \u015firketinizin ihtiya\u00e7 duydu\u011fu t\u00fcm ara\u00e7lara g\u00fcvenli, s\u00fcrekli ve sorunsuz bir \u015fekilde sahip olmas\u0131n\u0131 sa\u011flar. Ara\u00e7lar\u0131n\u0131z\u0131 TFS\u2019den kiralad\u0131\u011f\u0131n\u0131zda, d\u00fc\u015f\u00fcnmeniz gereken tek \u015fey, onlar\u0131 keyifle kullanmakt\u0131r. TFS ile otomobilin zahmetine, masraf\u0131na de\u011fil; rahatl\u0131\u011f\u0131na ve dinamizmine sahip olursunuz.<\/span>[\/vc_column_text][\/vc_column][\/vc_row][vc_row full_width=&#8221;stretch_row&#8221; equal_height=&#8221;yes&#8221; content_placement=&#8221;top&#8221; height=&#8221;full&#8221; column_separator=&#8221;01&#8243; lg_spacing=&#8221;margin_top:50;margin_bottom:50&#8243; gutter=&#8221;xs:10;sm:10;md:10;lg:10&#8243;][vc_column width=&#8221;1\/5&#8243; border_style=&#8221;outset&#8221; content_alignment=&#8221;center&#8221; lg_spacing=&#8221;margin_top:20;margin_right:20;margin_bottom:20;margin_left:20;border_top:1;border_right:1;border_bottom:1;border_left:1;padding_top:30;padding_right:30;padding_bottom:30;padding_left:30&#8243; border_radius=&#8221;5px&#8221;][vc_column_text]<\/p>\n<h6><span style=\"color: #808080;\">Sermayenizi etkin kullan\u0131n<\/span><\/h6>\n<p><span style=\"color: #808080;\">Tek bir araca bile ihtiyac\u0131n\u0131z olsa her ay e\u015fit miktarda \u00f6deme yaparak sermayenizi etkin \u015fekilde kullanabilir, \u015firket arac\u0131 sat\u0131n almak yerine sermayenizi yat\u0131r\u0131m yapmak i\u00e7in kullanabilirsiniz.<\/span>[\/vc_column_text][\/vc_column][vc_column width=&#8221;1\/5&#8243; border_style=&#8221;outset&#8221; content_alignment=&#8221;center&#8221; lg_spacing=&#8221;margin_top:20;margin_right:20;margin_bottom:20;margin_left:20;border_top:1;border_right:1;border_bottom:1;border_left:1;padding_top:30;padding_right:30;padding_bottom:30;padding_left:30&#8243; border_radius=&#8221;10px&#8221;][vc_column_text]<\/p>\n<h6><span style=\"color: #808080;\">Kiralamayla tasarruf edin<\/span><\/h6>\n<p><span style=\"color: #808080;\">\u015eirket arac\u0131 masraflar\u0131, sat\u0131n almakla bitmez. Kiralamay\u0131 tercih ederek trafik sigortas\u0131, kasko, motorlu ta\u015f\u0131tlar vergisi, periyodik bak\u0131m ve hasar gibi giderlerle ilgilenmek zorunda kalmazs\u0131n\u0131z. Hem zamandan hem maliyetten tasarruf edersiniz.<\/span>[\/vc_column_text][\/vc_column][vc_column width=&#8221;1\/5&#8243; border_style=&#8221;outset&#8221; content_alignment=&#8221;center&#8221; lg_spacing=&#8221;margin_top:20;margin_right:20;margin_bottom:20;margin_left:20;border_top:1;border_right:1;border_bottom:1;border_left:1;padding_top:30;padding_right:30;padding_bottom:30;padding_left:30&#8243; border_radius=&#8221;5px&#8221;][vc_column_text]<\/p>\n<h6><span style=\"color: #808080;\">Operasyonel risk ta\u015f\u0131may\u0131n<\/span><\/h6>\n<p><span style=\"color: #808080;\">\u015eirket arac\u0131 sat\u0131n ald\u0131\u011f\u0131n\u0131zda arac\u0131n ba\u015f\u0131na gelebilecek t\u00fcm riskleri \u00fcstlenmi\u015f olursunuz. Oysa kiralama durumunda kaza ve hasar nedeniyle olu\u015facak maddi kay\u0131plar kiralama \u015firketine devredilir.<\/span>[\/vc_column_text][\/vc_column][vc_column width=&#8221;1\/5&#8243; border_style=&#8221;outset&#8221; content_alignment=&#8221;center&#8221; lg_spacing=&#8221;margin_top:20;margin_right:20;margin_bottom:20;margin_left:20;border_top:1;border_right:1;border_bottom:1;border_left:1;padding_top:30;padding_right:30;padding_bottom:30;padding_left:30&#8243; border_radius=&#8221;5px&#8221;][vc_column_text]<\/p>\n<h6><span style=\"color: #808080;\">Kiralama avantajlar\u0131n\u0131n keyfini s\u00fcr\u00fcn<\/span><\/h6>\n<p><span style=\"color: #808080;\">Sat\u0131n al\u0131rken b\u00fct\u00e7eniz do\u011frultusunda belli ara\u00e7lar\u0131 tercih etmek zorundayken kiralamada se\u00e7enekleri \u00e7o\u011falt\u0131p avantajl\u0131 ko\u015fullarla daha \u00fcst segmentten ara\u00e7 se\u00e7ebilirsiniz.<\/span>[\/vc_column_text][\/vc_column][vc_column width=&#8221;1\/5&#8243; border_style=&#8221;outset&#8221; content_alignment=&#8221;center&#8221; lg_spacing=&#8221;margin_top:20;margin_right:20;margin_bottom:20;margin_left:20;border_top:1;border_right:1;border_bottom:1;border_left:1;padding_top:30;padding_right:30;padding_bottom:30;padding_left:30&#8243; border_radius=&#8221;5px&#8221;][vc_column_text]<\/p>\n<h6><span style=\"color: #808080;\">\u0130\u015f g\u00fcc\u00fcn\u00fcz\u00fc yaln\u0131z as\u0131l i\u015finiz i\u00e7in ay\u0131r\u0131n<\/span><\/h6>\n<p><span style=\"color: #808080;\">\u015eirket arac\u0131 ihtiyac\u0131n\u0131 sat\u0131n alma yerine kiralama ile \u00e7\u00f6zen i\u015fletmelerin, ara\u00e7lar\u0131n y\u00f6netimi, yak\u0131t ve HGS y\u00f6netimi, kaza y\u00f6netimi, sarf malzeme y\u00f6netimi, bak\u0131m-servis y\u00f6netimi, raporlama ve t\u00fcm operasyonel i\u015flerine \u00f6nemli \u00f6l\u00e7\u00fcde insan kayna\u011f\u0131 ay\u0131rmas\u0131 gerekmez.<\/span>[\/vc_column_text][\/vc_column][\/vc_row][vc_row lg_spacing=&#8221;margin_bottom:50&#8243;][vc_column][vc_cta h2=&#8221;7\/24 Call Center&#8221; h2_font_container=&#8221;tag:h1|text_align:center|color:%23ffffff&#8221; h2_google_fonts=&#8221;font_family:Montserrat%3Aregular%2C700|font_style:700%20bold%20regular%3A700%3Anormal&#8221; h4=&#8221;0533 414 19 62&#8243; h4_font_container=&#8221;tag:h3|text_align:center|color:%23f2f2f2&#8243; h4_google_fonts=&#8221;font_family:Montserrat%3Aregular%2C700|font_style:400%20regular%3A400%3Anormal&#8221; txt_align=&#8221;center&#8221; shape=&#8221;square&#8221; style=&#8221;custom&#8221; css_animation=&#8221;slideInUp&#8221; use_custom_fonts_h2=&#8221;true&#8221; use_custom_fonts_h4=&#8221;true&#8221; css=&#8221;.vc_custom_1644600160151{background-color: #b52929 !important;}&#8221;][\/vc_cta][\/vc_column][\/vc_row][vc_row][vc_column width=&#8221;1\/2&#8243; lg_spacing=&#8221;margin_bottom:20&#8243;][tm_heading style=&#8221;modern&#8221; custom_google_font=&#8221;&#8221; text=&#8221;OPERASYONEL K\u0130RALAMA&#8221;][tm_spacer size=&#8221;lg:20&#8243;][vc_column_text]<span style=\"color: #808080;\">\u0130htiya\u00e7 ve talepleriniz do\u011frultusunda istedi\u011finiz say\u0131 ve segmentte 24, 36 ve 48 ay filo kiralama hizmetimiz ile hem vergi avantaj\u0131ndan faydalanabilirsiniz hem de finansman kaynaklar\u0131n\u0131z\u0131 daha efektif alanlarda de\u011ferlendirebilirsiniz.<\/span>[\/vc_column_text][tm_spacer size=&#8221;lg:20&#8243;][tm_button style=&#8221;border-text&#8221; button=&#8221;url:http%3A%2F%2Fwww.tfs.com.tr%2Findex.php%2Fhizmetlerimiz%2F|title:Detayl%C4%B1%20Bilgi&#8221; color=&#8221;custom&#8221; font_color=&#8221;custom&#8221; button_border_color=&#8221;custom&#8221; rounded=&#8221;10px&#8221; custom_font_color=&#8221;#9e2222&#8243; custom_button_border_color=&#8221;#9e2222&#8243;][\/vc_column][vc_column width=&#8221;1\/2&#8243; lg_spacing=&#8221;margin_bottom:20&#8243;][tm_heading style=&#8221;modern&#8221; custom_google_font=&#8221;&#8221; text=&#8221;F\u0130LO Y\u00d6NET\u0130M\u0130&#8221;][tm_spacer size=&#8221;lg:20&#8243;][vc_column_text]<span style=\"color: #808080;\">Gerek kendi envanterinizde bulunan gerekse d\u0131\u015f kiralama ile edindi\u011finiz ara\u00e7lardan olu\u015fan ara\u00e7 park\u0131n\u0131z ile ilgili t\u00fcm \u015firket i\u00e7i operasyonel faaliyetlerinizi alan\u0131nda uzman deneyimli ekibimiz ile sizin ad\u0131n\u0131za y\u00f6netiyoruz<\/span>[\/vc_column_text][tm_spacer size=&#8221;lg:20&#8243;][tm_button style=&#8221;border-text&#8221; button=&#8221;url:http%3A%2F%2Fwww.tfs.com.tr%2Findex.php%2Fhizmetlerimiz%2F|title:Detayl%C4%B1%20Bilgi&#8221; color=&#8221;custom&#8221; font_color=&#8221;custom&#8221; button_border_color=&#8221;custom&#8221; rounded=&#8221;10px&#8221; custom_font_color=&#8221;#9e2222&#8243; custom_button_border_color=&#8221;#9e2222&#8243;][\/vc_column][\/vc_row]<\/p>\n","protected":false},"excerpt":{"rendered":"<p>[vc_row][vc_column][\/vc_column][\/vc_row][vc_row lg_spacing=&#8221;margin_top:50&#8243;][vc_column][tm_heading style=&#8221;modern&#8221; tag=&#8221;h1&#8243; custom_google_font=&#8221;&#8221; text=&#8221;TFS Filo Kiralama Hizmetlerinin Size Kazand\u0131rd\u0131klar\u0131&#8221;][tm_spacer size=&#8221;lg:20&#8243;][vc_column_text]TFS Filo Kiralama, \u015firketinizin ihtiya\u00e7 duydu\u011fu t\u00fcm ara\u00e7lara g\u00fcvenli, s\u00fcrekli ve sorunsuz bir \u015fekilde sahip olmas\u0131n\u0131 sa\u011flar. Ara\u00e7lar\u0131n\u0131z\u0131 TFS\u2019den kiralad\u0131\u011f\u0131n\u0131zda, d\u00fc\u015f\u00fcnmeniz gereken tek \u015fey, onlar\u0131 keyifle kullanmakt\u0131r. TFS ile otomobilin zahmetine, masraf\u0131na de\u011fil; rahatl\u0131\u011f\u0131na ve dinamizmine sahip olursunuz.[\/vc_column_text][\/vc_column][\/vc_row][vc_row full_width=&#8221;stretch_row&#8221; equal_height=&#8221;yes&#8221; content_placement=&#8221;top&#8221; height=&#8221;full&#8221; column_separator=&#8221;01&#8243; lg_spacing=&#8221;margin_top:50;margin_bottom:50&#8243; gutter=&#8221;xs:10;sm:10;md:10;lg:10&#8243;][vc_column width=&#8221;1\/5&#8243; border_style=&#8221;outset&#8221; content_alignment=&#8221;center&#8221; lg_spacing=&#8221;margin_top:20;margin_right:20;margin_bottom:20;margin_left:20;border_top:1;border_right:1;border_bottom:1;border_left:1;padding_top:30;padding_right:30;padding_bottom:30;padding_left:30&#8243; border_radius=&#8221;5px&#8221;][vc_column_text] Sermayenizi etkin kullan\u0131n Tek bir araca bile ihtiyac\u0131n\u0131z olsa her ay e\u015fit miktarda \u00f6deme yaparak sermayenizi etkin \u015fekilde kullanabilir, \u015firket arac\u0131 sat\u0131n almak yerine sermayenizi yat\u0131r\u0131m yapmak i\u00e7in kullanabilirsiniz.[\/vc_column_text][\/vc_column][vc_column width=&#8221;1\/5&#8243; border_style=&#8221;outset&#8221; content_alignment=&#8221;center&#8221; lg_spacing=&#8221;margin_top:20;margin_right:20;margin_bottom:20;margin_left:20;border_top:1;border_right:1;border_bottom:1;border_left:1;padding_top:30;padding_right:30;padding_bottom:30;padding_left:30&#8243; border_radius=&#8221;10px&#8221;][vc_column_text] Kiralamayla tasarruf edin \u015eirket arac\u0131 masraflar\u0131, sat\u0131n almakla bitmez. Kiralamay\u0131 tercih ederek trafik sigortas\u0131, kasko, motorlu ta\u015f\u0131tlar vergisi, periyodik bak\u0131m ve hasar gibi giderlerle ilgilenmek zorunda kalmazs\u0131n\u0131z. Hem zamandan hem maliyetten tasarruf edersiniz.[\/vc_column_text][\/vc_column][vc_column width=&#8221;1\/5&#8243; border_style=&#8221;outset&#8221; content_alignment=&#8221;center&#8221; lg_spacing=&#8221;margin_top:20;margin_right:20;margin_bottom:20;margin_left:20;border_top:1;border_right:1;border_bottom:1;border_left:1;padding_top:30;padding_right:30;padding_bottom:30;padding_left:30&#8243; border_radius=&#8221;5px&#8221;][vc_column_text] Operasyonel risk ta\u015f\u0131may\u0131n \u015eirket arac\u0131 sat\u0131n ald\u0131\u011f\u0131n\u0131zda arac\u0131n ba\u015f\u0131na gelebilecek t\u00fcm riskleri \u00fcstlenmi\u015f olursunuz. Oysa kiralama durumunda kaza ve hasar nedeniyle olu\u015facak maddi kay\u0131plar kiralama \u015firketine devredilir.[\/vc_column_text][\/vc_column][vc_column width=&#8221;1\/5&#8243; border_style=&#8221;outset&#8221; content_alignment=&#8221;center&#8221; lg_spacing=&#8221;margin_top:20;margin_right:20;margin_bottom:20;margin_left:20;border_top:1;border_right:1;border_bottom:1;border_left:1;padding_top:30;padding_right:30;padding_bottom:30;padding_left:30&#8243; border_radius=&#8221;5px&#8221;][vc_column_text] Kiralama avantajlar\u0131n\u0131n keyfini s\u00fcr\u00fcn Sat\u0131n al\u0131rken b\u00fct\u00e7eniz do\u011frultusunda belli ara\u00e7lar\u0131 tercih etmek zorundayken kiralamada se\u00e7enekleri \u00e7o\u011falt\u0131p avantajl\u0131 ko\u015fullarla daha \u00fcst segmentten ara\u00e7 se\u00e7ebilirsiniz.[\/vc_column_text][\/vc_column][vc_column width=&#8221;1\/5&#8243; border_style=&#8221;outset&#8221; content_alignment=&#8221;center&#8221; lg_spacing=&#8221;margin_top:20;margin_right:20;margin_bottom:20;margin_left:20;border_top:1;border_right:1;border_bottom:1;border_left:1;padding_top:30;padding_right:30;padding_bottom:30;padding_left:30&#8243; border_radius=&#8221;5px&#8221;][vc_column_text] \u0130\u015f g\u00fcc\u00fcn\u00fcz\u00fc yaln\u0131z as\u0131l i\u015finiz i\u00e7in ay\u0131r\u0131n \u015eirket arac\u0131 ihtiyac\u0131n\u0131 sat\u0131n alma yerine kiralama ile \u00e7\u00f6zen i\u015fletmelerin, ara\u00e7lar\u0131n y\u00f6netimi, yak\u0131t ve HGS y\u00f6netimi, kaza y\u00f6netimi, sarf malzeme y\u00f6netimi, bak\u0131m-servis y\u00f6netimi, raporlama ve t\u00fcm operasyonel i\u015flerine \u00f6nemli \u00f6l\u00e7\u00fcde insan kayna\u011f\u0131 ay\u0131rmas\u0131 gerekmez.[\/vc_column_text][\/vc_column][\/vc_row][vc_row lg_spacing=&#8221;margin_bottom:50&#8243;][vc_column][vc_cta h2=&#8221;7\/24 Call Center&#8221; h2_font_container=&#8221;tag:h1|text_align:center|color:%23ffffff&#8221; h2_google_fonts=&#8221;font_family:Montserrat%3Aregular%2C700|font_style:700%20bold%20regular%3A700%3Anormal&#8221; h4=&#8221;0533 414 19 62&#8243; h4_font_container=&#8221;tag:h3|text_align:center|color:%23f2f2f2&#8243; h4_google_fonts=&#8221;font_family:Montserrat%3Aregular%2C700|font_style:400%20regular%3A400%3Anormal&#8221; txt_align=&#8221;center&#8221; shape=&#8221;square&#8221; style=&#8221;custom&#8221; css_animation=&#8221;slideInUp&#8221; use_custom_fonts_h2=&#8221;true&#8221; use_custom_fonts_h4=&#8221;true&#8221; css=&#8221;.vc_custom_1644600160151{background-color: #b52929 !important;}&#8221;][\/vc_cta][\/vc_column][\/vc_row][vc_row][vc_column width=&#8221;1\/2&#8243; lg_spacing=&#8221;margin_bottom:20&#8243;][tm_heading style=&#8221;modern&#8221; custom_google_font=&#8221;&#8221; text=&#8221;OPERASYONEL K\u0130RALAMA&#8221;][tm_spacer size=&#8221;lg:20&#8243;][vc_column_text]\u0130htiya\u00e7 ve talepleriniz do\u011frultusunda istedi\u011finiz say\u0131 ve segmentte 24, 36 ve 48 ay filo kiralama hizmetimiz ile hem vergi avantaj\u0131ndan faydalanabilirsiniz hem de finansman kaynaklar\u0131n\u0131z\u0131 daha efektif alanlarda de\u011ferlendirebilirsiniz.[\/vc_column_text][tm_spacer size=&#8221;lg:20&#8243;][tm_button style=&#8221;border-text&#8221; button=&#8221;url:http%3A%2F%2Fwww.tfs.com.tr%2Findex.php%2Fhizmetlerimiz%2F|title:Detayl%C4%B1%20Bilgi&#8221; color=&#8221;custom&#8221; font_color=&#8221;custom&#8221; button_border_color=&#8221;custom&#8221; rounded=&#8221;10px&#8221; custom_font_color=&#8221;#9e2222&#8243; custom_button_border_color=&#8221;#9e2222&#8243;][\/vc_column][vc_column width=&#8221;1\/2&#8243; lg_spacing=&#8221;margin_bottom:20&#8243;][tm_heading style=&#8221;modern&#8221; custom_google_font=&#8221;&#8221; text=&#8221;F\u0130LO Y\u00d6NET\u0130M\u0130&#8221;][tm_spacer size=&#8221;lg:20&#8243;][vc_column_text]Gerek kendi envanterinizde bulunan gerekse d\u0131\u015f kiralama ile edindi\u011finiz ara\u00e7lardan olu\u015fan ara\u00e7 park\u0131n\u0131z ile ilgili t\u00fcm \u015firket i\u00e7i operasyonel faaliyetlerinizi alan\u0131nda uzman deneyimli ekibimiz ile sizin ad\u0131n\u0131za y\u00f6netiyoruz[\/vc_column_text][tm_spacer size=&#8221;lg:20&#8243;][tm_button style=&#8221;border-text&#8221; button=&#8221;url:http%3A%2F%2Fwww.tfs.com.tr%2Findex.php%2Fhizmetlerimiz%2F|title:Detayl%C4%B1%20Bilgi&#8221; color=&#8221;custom&#8221; font_color=&#8221;custom&#8221; button_border_color=&#8221;custom&#8221; rounded=&#8221;10px&#8221; custom_font_color=&#8221;#9e2222&#8243; custom_button_border_color=&#8221;#9e2222&#8243;][\/vc_column][\/vc_row]<\/p>\n","protected":false},"author":1,"featured_media":0,"parent":0,"menu_order":0,"comment_status":"closed","ping_status":"closed","template":"","meta":[],"_links":{"self":[{"href":"http:\/\/www.tfs.com.tr\/index.php\/wp-json\/wp\/v2\/pages\/32"}],"collection":[{"href":"http:\/\/www.tfs.com.tr\/index.php\/wp-json\/wp\/v2\/pages"}],"about":[{"href":"http:\/\/www.tfs.com.tr\/index.php\/wp-json\/wp\/v2\/types\/page"}],"author":[{"embeddable":true,"href":"http:\/\/www.tfs.com.tr\/index.php\/wp-json\/wp\/v2\/users\/1"}],"replies":[{"embeddable":true,"href":"http:\/\/www.tfs.com.tr\/index.php\/wp-json\/wp\/v2\/comments?post=32"}],"version-history":[{"count":30,"href":"http:\/\/www.tfs.com.tr\/index.php\/wp-json\/wp\/v2\/pages\/32\/revisions"}],"predecessor-version":[{"id":149,"href":"http:\/\/www.tfs.com.tr\/index.php\/wp-json\/wp\/v2\/pages\/32\/revisions\/149"}],"wp:attachment":[{"href":"http:\/\/www.tfs.com.tr\/index.php\/wp-json\/wp\/v2\/media?parent=32"}],"curies":[{"name":"wp","href":"https:\/\/api.w.org\/{rel}","templated":true}]}}